{"version":"1.0","provider_name":"Parti Socialiste de Romanel-sur-Lausanne et Cheseaux-sur-Lausanne","provider_url":"https:\/\/ps-romanel.ch","author_name":"PSRomanel","author_url":"https:\/\/ps-romanel.ch\/index.php\/author\/psromanel\/","title":"Agenda et contact - Parti Socialiste de Romanel-sur-Lausanne et Cheseaux-sur-Lausanne","type":"rich","width":600,"height":338,"html":"<blockquote class=\"wp-embedded-content\" data-secret=\"yNTNHxcsCh\"><a href=\"https:\/\/ps-romanel.ch\/index.php\/agenda-et-contact\/\">Agenda et contact<\/a><\/blockquote><iframe sandbox=\"allow-scripts\" security=\"restricted\" src=\"https:\/\/ps-romanel.ch\/index.php\/agenda-et-contact\/embed\/#?secret=yNTNHxcsCh\" width=\"600\" height=\"338\" title=\"\u00ab\u00a0Agenda et contact\u00a0\u00bb &#8212; Parti Socialiste de Romanel-sur-Lausanne et Cheseaux-sur-Lausanne\" data-secret=\"yNTNHxcsCh\" frameborder=\"0\" marginwidth=\"0\" marginheight=\"0\" scrolling=\"no\" class=\"wp-embedded-content\"><\/iframe><script type=\"text\/javascript\">\n\/* <![CDATA[ *\/\n\/*! This file is auto-generated *\/\n!function(d,l){\"use strict\";l.querySelector&&d.addEventListener&&\"undefined\"!=typeof URL&&(d.wp=d.wp||{},d.wp.receiveEmbedMessage||(d.wp.receiveEmbedMessage=function(e){var t=e.data;if((t||t.secret||t.message||t.value)&&!\/[^a-zA-Z0-9]\/.test(t.secret)){for(var s,r,n,a=l.querySelectorAll('iframe[data-secret=\"'+t.secret+'\"]'),o=l.querySelectorAll('blockquote[data-secret=\"'+t.secret+'\"]'),c=new RegExp(\"^https?:$\",\"i\"),i=0;i<o.length;i++)o[i].style.display=\"none\";for(i=0;i<a.length;i++)s=a[i],e.source===s.contentWindow&&(s.removeAttribute(\"style\"),\"height\"===t.message?(1e3<(r=parseInt(t.value,10))?r=1e3:~~r<200&&(r=200),s.height=r):\"link\"===t.message&&(r=new URL(s.getAttribute(\"src\")),n=new URL(t.value),c.test(n.protocol))&&n.host===r.host&&l.activeElement===s&&(d.top.location.href=t.value))}},d.addEventListener(\"message\",d.wp.receiveEmbedMessage,!1),l.addEventListener(\"DOMContentLoaded\",function(){for(var e,t,s=l.querySelectorAll(\"iframe.wp-embedded-content\"),r=0;r<s.length;r++)(t=(e=s[r]).getAttribute(\"data-secret\"))||(t=Math.random().toString(36).substring(2,12),e.src+=\"#?secret=\"+t,e.setAttribute(\"data-secret\",t)),e.contentWindow.postMessage({message:\"ready\",secret:t},\"*\")},!1)))}(window,document);\n\/\/# sourceURL=https:\/\/ps-romanel.ch\/wp-includes\/js\/wp-embed.min.js\n\/* ]]> *\/\n<\/script>\n","description":"Agenda : Les s\u00e9ances de pr\u00e9paration du conseil communal se d\u00e9roulent \u00e0 la Villageoise, chemin du Village 14, dans la salle du bas \u00e0 droite en entrant. Vous \u00eates tous les bienvenus! Les conseils communaux prennent place \u00e0 l&rsquo;\u00e9tage, \u00e0 la m\u00eame adresse. Le public est bienvenu. Par d\u00e9faut, toutes les r\u00e9unions et conseils ont En savoir plus surTitre par d\u00e9faut[&hellip;]"}

Agenda : Les séances de préparation du conseil communal se déroulent à la Villageoise, chemin du Village 14, dans la salle du bas à droite en entrant. Vous êtes tous les bienvenus! Les conseils communaux prennent place à l&rsquo;étage, à la même adresse. Le public est bienvenu. Par défaut, toutes les réunions et conseils ont En savoir plus surTitre par défaut[&hellip;]
