{"version":"1.0","provider_name":"Parti Socialiste de Romanel-sur-Lausanne et Cheseaux-sur-Lausanne","provider_url":"https:\/\/ps-romanel.ch","author_name":"PSRomanel","author_url":"https:\/\/ps-romanel.ch\/index.php\/author\/psromanel\/","title":"Nos candidat.e.s aux \u00e9lections communales du 8 mars 2026 : Liste N\u00b02 ! - Parti Socialiste de Romanel-sur-Lausanne et Cheseaux-sur-Lausanne","type":"rich","width":600,"height":338,"html":"<blockquote class=\"wp-embedded-content\" data-secret=\"3MDT2l5cUC\"><a href=\"https:\/\/ps-romanel.ch\/index.php\/candidat-e-s\/\">Nos candidat.e.s aux \u00e9lections communales du 8 mars 2026 : Liste N\u00b02 !<\/a><\/blockquote><iframe sandbox=\"allow-scripts\" security=\"restricted\" src=\"https:\/\/ps-romanel.ch\/index.php\/candidat-e-s\/embed\/#?secret=3MDT2l5cUC\" width=\"600\" height=\"338\" title=\"\u00ab\u00a0Nos candidat.e.s aux \u00e9lections communales du 8 mars 2026 : Liste N\u00b02 !\u00a0\u00bb &#8212; Parti Socialiste de Romanel-sur-Lausanne et Cheseaux-sur-Lausanne\" data-secret=\"3MDT2l5cUC\" frameborder=\"0\" marginwidth=\"0\" marginheight=\"0\" scrolling=\"no\" class=\"wp-embedded-content\"><\/iframe><script type=\"text\/javascript\">\n\/* <![CDATA[ *\/\n\/*! This file is auto-generated *\/\n!function(d,l){\"use strict\";l.querySelector&&d.addEventListener&&\"undefined\"!=typeof URL&&(d.wp=d.wp||{},d.wp.receiveEmbedMessage||(d.wp.receiveEmbedMessage=function(e){var t=e.data;if((t||t.secret||t.message||t.value)&&!\/[^a-zA-Z0-9]\/.test(t.secret)){for(var s,r,n,a=l.querySelectorAll('iframe[data-secret=\"'+t.secret+'\"]'),o=l.querySelectorAll('blockquote[data-secret=\"'+t.secret+'\"]'),c=new RegExp(\"^https?:$\",\"i\"),i=0;i<o.length;i++)o[i].style.display=\"none\";for(i=0;i<a.length;i++)s=a[i],e.source===s.contentWindow&&(s.removeAttribute(\"style\"),\"height\"===t.message?(1e3<(r=parseInt(t.value,10))?r=1e3:~~r<200&&(r=200),s.height=r):\"link\"===t.message&&(r=new URL(s.getAttribute(\"src\")),n=new URL(t.value),c.test(n.protocol))&&n.host===r.host&&l.activeElement===s&&(d.top.location.href=t.value))}},d.addEventListener(\"message\",d.wp.receiveEmbedMessage,!1),l.addEventListener(\"DOMContentLoaded\",function(){for(var e,t,s=l.querySelectorAll(\"iframe.wp-embedded-content\"),r=0;r<s.length;r++)(t=(e=s[r]).getAttribute(\"data-secret\"))||(t=Math.random().toString(36).substring(2,12),e.src+=\"#?secret=\"+t,e.setAttribute(\"data-secret\",t)),e.contentWindow.postMessage({message:\"ready\",secret:t},\"*\")},!1)))}(window,document);\n\/\/# sourceURL=https:\/\/ps-romanel.ch\/wp-includes\/js\/wp-embed.min.js\n\/* ]]> *\/\n<\/script>\n","thumbnail_url":"http:\/\/ps-romanel.ch\/wp-content\/uploads\/2026\/01\/Candidats-ps-verts-avec-etiquettes.jpg","thumbnail_width":1600,"thumbnail_height":852,"description":"Vous pouvez retrouver les portraits de nos colistiers Vert.e.s sur le site de leur section. Simon Sch\u00fcl\u00e9, 1979 Ing\u00e9nieur EPFL informatique Pr\u00e9sident et ludoth\u00e9caire &#8211; Ludo Romanel Pr\u00e9sident de la Commission des Finances Jeanne Vuillaume, 1987 Cheffe de projets urbains et immobiliers Master en d\u00e9veloppement territorial Christoph Sch\u00e4fer, 1991 Chercheur puis Manager Informatique aux CFF En savoir plus surTitre par d\u00e9faut[&hellip;]"}

Nos candidat.e.s aux élections communales du 8 mars 2026 : Liste N°2 ! - Parti Socialiste de Romanel-sur-Lausanne et Cheseaux-sur-Lausanne

<blockquote class="wp-embedded-content" data-secret="3MDT2l5cUC"><a href="https://ps-romanel.ch/index.php/candidat-e-s/">Nos candidat.e.s aux élections communales du 8 mars 2026 : Liste N°2 !</a></blockquote><iframe sandbox="allow-scripts" security="restricted" src="https://ps-romanel.ch/index.php/candidat-e-s/embed/#?secret=3MDT2l5cUC" width="600" height="338" title="« Nos candidat.e.s aux élections communales du 8 mars 2026 : Liste N°2 ! » &#8212; Parti Socialiste de Romanel-sur-Lausanne et Cheseaux-sur-Lausanne" data-secret="3MDT2l5cUC" frameborder="0" marginwidth="0" marginheight="0" scrolling="no" class="wp-embedded-content"></iframe><script type="text/javascript">
/* <![CDATA[ */
/*! This file is auto-generated */
!function(d,l){"use strict";l.querySelector&&d.addEventListener&&"undefined"!=typeof URL&&(d.wp=d.wp||{},d.wp.receiveEmbedMessage||(d.wp.receiveEmbedMessage=function(e){var t=e.data;if((t||t.secret||t.message||t.value)&&!/[^a-zA-Z0-9]/.test(t.secret)){for(var s,r,n,a=l.querySelectorAll('iframe[data-secret="'+t.secret+'"]'),o=l.querySelectorAll('blockquote[data-secret="'+t.secret+'"]'),c=new RegExp("^https?:$","i"),i=0;i<o.length;i++)o[i].style.display="none";for(i=0;i<a.length;i++)s=a[i],e.source===s.contentWindow&&(s.removeAttribute("style"),"height"===t.message?(1e3<(r=parseInt(t.value,10))?r=1e3:~~r<200&&(r=200),s.height=r):"link"===t.message&&(r=new URL(s.getAttribute("src")),n=new URL(t.value),c.test(n.protocol))&&n.host===r.host&&l.activeElement===s&&(d.top.location.href=t.value))}},d.addEventListener("message",d.wp.receiveEmbedMessage,!1),l.addEventListener("DOMContentLoaded",function(){for(var e,t,s=l.querySelectorAll("iframe.wp-embedded-content"),r=0;r<s.length;r++)(t=(e=s[r]).getAttribute("data-secret"))||(t=Math.random().toString(36).substring(2,12),e.src+="#?secret="+t,e.setAttribute("data-secret",t)),e.contentWindow.postMessage({message:"ready",secret:t},"*")},!1)))}(window,document);
//# sourceURL=https://ps-romanel.ch/wp-includes/js/wp-embed.min.js
/* ]]> */
</script>

Vous pouvez retrouver les portraits de nos colistiers Vert.e.s sur le site de leur section. Simon Schülé, 1979 Ingénieur EPFL informatique Président et ludothécaire &#8211; Ludo Romanel Président de la Commission des Finances Jeanne Vuillaume, 1987 Cheffe de projets urbains et immobiliers Master en développement territorial Christoph Schäfer, 1991 Chercheur puis Manager Informatique aux CFF En savoir plus surTitre par défaut[&hellip;]
