{"id":39,"date":"2016-01-25T10:34:30","date_gmt":"2016-01-25T09:34:30","guid":{"rendered":"http:\/\/ps-romanel.ch\/?page_id=39"},"modified":"2026-04-24T10:45:05","modified_gmt":"2026-04-24T09:45:05","slug":"agenda-et-contact","status":"publish","type":"page","link":"https:\/\/ps-romanel.ch\/index.php\/agenda-et-contact\/","title":{"rendered":"Agenda et contact"},"content":{"rendered":"<h1>Agenda :<\/h1>\n<p>Les s\u00e9ances de pr\u00e9paration du conseil communal se d\u00e9roulent \u00e0 <a href=\"https:\/\/goo.gl\/maps\/ZaNEE8gZj3fV3ZLG8\" target=\"_blank\" rel=\"noopener\">la Villageoise, chemin du Village 14<\/a>, dans la salle du bas \u00e0 droite en entrant. Vous \u00eates tous les bienvenus!<\/p>\n<p>Les conseils communaux prennent place \u00e0 l&rsquo;\u00e9tage, \u00e0 la m\u00eame adresse. Le public est bienvenu.<\/p>\n<p>Par d\u00e9faut, toutes les r\u00e9unions et conseils ont lieu \u00e0 20h, les jeudis.<\/p>\n<h3>\u00c9v\u00e9nements \u00e0 venir en 2026:<\/h3>\n<hr \/>\n<ul>\n<li>jeudi 30 avril : r\u00e9union PS + Vert.es et pr\u00e9paration conseil<\/li>\n<li>jeudi 7 mai : Conseil communal<br \/>\n<hr \/>\n<\/li>\n<li><span style=\"color: #ff0000;\">mardi<\/span> 19 mai: r\u00e9union PS + Vert.es et pr\u00e9paration conseil<\/li>\n<li>jeudi 7 21 mai: Conseil communal<br \/>\n<hr \/>\n<\/li>\n<li>jeudi 11 juin : c\u00e9r\u00e9monie d&rsquo;assermentation pour les \u00e9lus<\/li>\n<li><span style=\"color: #ff0000;\">mardi <\/span>16 juin:<\/li>\n<li>r\u00e9union PS + Vert.es et pr\u00e9paration conseil<\/li>\n<li>jeudi 18 juin: Conseil communal<br \/>\n<hr \/>\n<\/li>\n<\/ul>\n<h3>\u00c9v\u00e9nements pass\u00e9s:<\/h3>\n<ul>\n<li>jeudi 12 f\u00e9vrier 19h : soir\u00e9e de pr\u00e9sentation des candidats \u00e0 la Municipalit\u00e9 et des candidats au conseil \u00e0 la grande salle de Prazqueron<\/li>\n<\/ul>\n<ul>\n<li>mercredi 11 juin 2025 : s\u00e9ance d&rsquo;information politique avec tous les groupes politiques, Romanel Plage<br \/>\n<hr \/>\n<\/li>\n<\/ul>\n<ul>\n<li>lundi 2 septembre 2024, 19h30 : <a href=\"https:\/\/ps-romanel.ch\/index.php\/2024\/08\/14\/echanges-avec-jessica-jaccoud-conseillere-nationale-a-la-salle-du-conseil-a-romanel-sur-lausanne\/\">R\u00e9forme LPP: Payer plus pour toucher moins de rentre? \u00c9changes avec Jessica Jaccoud, Conseill\u00e8re Nationale\u00a0<\/a><br \/>\n<hr \/>\n<\/li>\n<li>samedi 24 ao\u00fbt 2024, 18h-23h30 : <a href=\"https:\/\/ps-romanel.ch\/index.php\/2024\/08\/14\/samedi-24-aout-concert-et-pizza-avec-les-vert-e-s-du-nord-lausannois\/\">Animation Romanel-Plage, dans le parc de Prazqueron,<\/a> en collaboration avec les <a href=\"https:\/\/vert-e-s-vd.ch\/nord-lausannois\/\">Vert.e.s du Nord Lausannois<\/a><br \/>\n<hr \/>\n<\/li>\n<li>jeudi 16 mai 2024 : AG, 20h, salle du Conseil, Villageoise.<br \/>\n<hr \/>\n<\/li>\n<li>samedi 18 mai 2024, 15h \u00e0 17h : Animation<strong> Chasse \u00e0 num\u00e9ros <\/strong>dans la for\u00eat de Romanel<br \/>\n<hr \/>\n<\/li>\n<li>jeudi 4 juillet 2024, 18h-22h : <a href=\"https:\/\/ps-romanel.ch\/index.php\/2024\/06\/26\/apero-grillades-animation-musicale-a-romanel-plage\/\">Animation Romanel-Plage, dans le parc de Prazqueron<\/a><\/li>\n<\/ul>\n<div>\n<h2><\/h2>\n<h2>Contact<\/h2>\n<\/div>\n<div>Simon Schul\u00e9<\/div>\n<div>Route d&rsquo;Echallens 3<br \/>\n1032 <span id=\"resultGrid\" class=\"aw-system-control aw-grid-control aw-selectors-hidden \" tabindex=\"-1\"><span id=\"resultGrid-box\" class=\"aw-grid-box \"><span id=\"resultGrid-scroll\" class=\"aw-scroll-bars aw-scrollbars-none \"><span id=\"resultGrid-scroll-content\" class=\"aw-bars-content \"><span id=\"resultGrid-view\" class=\"aw-hpanel-template \"><span id=\"resultGrid-view-box\" class=\"aw-hpanel-box \"><span id=\"resultGrid-view-box-middle\" class=\"aw-hpanel-middle \"><span id=\"resultGrid-rows\" class=\"aw-templates-list aw-grid-view \"><span id=\"resultGrid-row-0\" class=\"aw-templates-list aw-text-normal aw-grid-row aw-row-0 aw-rows-selected aw-alternate-even \"><span id=\"resultGrid-cell-5-0\" class=\"aw-item-template aw-templates-cell aw-grid-cell aw-column-5 aw-cells-normal \" title=\"\">Romanel-sur-Lausanne<\/span><\/span><\/span><\/span><\/span><\/span><\/span><\/span><\/span><\/span><br \/>\n<a href=\"mailto:info@ps-romanel.ch\">info@ps-romanel.ch<\/a><\/div>\n<div>078 648 16 03<\/div>\n<p><strong>\u00a0<\/strong><\/p>\n","protected":false},"excerpt":{"rendered":"<p>Agenda : Les s\u00e9ances de pr\u00e9paration du conseil communal se d\u00e9roulent \u00e0 la Villageoise, chemin du Village 14, dans la salle du bas \u00e0 droite en entrant. Vous \u00eates tous les bienvenus! Les conseils communaux prennent place \u00e0 l&rsquo;\u00e9tage, \u00e0 la m\u00eame adresse. Le public est bienvenu. Par d\u00e9faut, toutes les r\u00e9unions et conseils ont <a href=\"https:\/\/ps-romanel.ch\/index.php\/agenda-et-contact\/\" rel=\"nofollow\"><span class=\"sr-only\">En savoir plus surAgenda et contact<\/span>[&hellip;]<\/a><\/p>\n","protected":false},"author":3,"featured_media":0,"parent":0,"menu_order":0,"comment_status":"closed","ping_status":"closed","template":"","meta":{"footnotes":""},"class_list":["post-39","page","type-page","status-publish","hentry"],"yoast_head":"<!-- This site is optimized with the Yoast SEO plugin v18.7 - https:\/\/yoast.com\/wordpress\/plugins\/seo\/ -->\n<title>Agenda et contact - Parti Socialiste de Romanel-sur-Lausanne et Cheseaux-sur-Lausanne<\/title>\n<meta name=\"robots\" content=\"index, follow, max-snippet:-1, max-image-preview:large, max-video-preview:-1\" \/>\n<link rel=\"canonical\" href=\"https:\/\/ps-romanel.ch\/index.php\/agenda-et-contact\/\" \/>\n<meta property=\"og:locale\" content=\"fr_FR\" \/>\n<meta property=\"og:type\" content=\"article\" \/>\n<meta property=\"og:title\" content=\"Agenda et contact - Parti Socialiste de Romanel-sur-Lausanne et Cheseaux-sur-Lausanne\" \/>\n<meta property=\"og:description\" content=\"Agenda : Les s\u00e9ances de pr\u00e9paration du conseil communal se d\u00e9roulent \u00e0 la Villageoise, chemin du Village 14, dans la salle du bas \u00e0 droite en entrant. Vous \u00eates tous les bienvenus! Les conseils communaux prennent place \u00e0 l&rsquo;\u00e9tage, \u00e0 la m\u00eame adresse. Le public est bienvenu. Par d\u00e9faut, toutes les r\u00e9unions et conseils ont En savoir plus surAgenda et contact[&hellip;]\" \/>\n<meta property=\"og:url\" content=\"https:\/\/ps-romanel.ch\/index.php\/agenda-et-contact\/\" \/>\n<meta property=\"og:site_name\" content=\"Parti Socialiste de Romanel-sur-Lausanne et Cheseaux-sur-Lausanne\" \/>\n<meta property=\"article:modified_time\" content=\"2026-04-24T09:45:05+00:00\" \/>\n<meta name=\"twitter:card\" content=\"summary_large_image\" \/>\n<meta name=\"twitter:label1\" content=\"Dur\u00e9e de lecture estim\u00e9e\" \/>\n\t<meta name=\"twitter:data1\" content=\"2 minutes\" \/>\n<script type=\"application\/ld+json\" class=\"yoast-schema-graph\">{\"@context\":\"https:\/\/schema.org\",\"@graph\":[{\"@type\":\"WebSite\",\"@id\":\"https:\/\/ps-romanel.ch\/#website\",\"url\":\"https:\/\/ps-romanel.ch\/\",\"name\":\"Parti Socialiste de Romanel-sur-Lausanne et Cheseaux-sur-Lausanne\",\"description\":\"SOLIDAIRE, PROGRESSISTE ET DURABLE\",\"potentialAction\":[{\"@type\":\"SearchAction\",\"target\":{\"@type\":\"EntryPoint\",\"urlTemplate\":\"https:\/\/ps-romanel.ch\/?s={search_term_string}\"},\"query-input\":\"required name=search_term_string\"}],\"inLanguage\":\"fr-FR\"},{\"@type\":\"WebPage\",\"@id\":\"https:\/\/ps-romanel.ch\/index.php\/agenda-et-contact\/#webpage\",\"url\":\"https:\/\/ps-romanel.ch\/index.php\/agenda-et-contact\/\",\"name\":\"Agenda et contact - Parti Socialiste de Romanel-sur-Lausanne et Cheseaux-sur-Lausanne\",\"isPartOf\":{\"@id\":\"https:\/\/ps-romanel.ch\/#website\"},\"datePublished\":\"2016-01-25T09:34:30+00:00\",\"dateModified\":\"2026-04-24T09:45:05+00:00\",\"breadcrumb\":{\"@id\":\"https:\/\/ps-romanel.ch\/index.php\/agenda-et-contact\/#breadcrumb\"},\"inLanguage\":\"fr-FR\",\"potentialAction\":[{\"@type\":\"ReadAction\",\"target\":[\"https:\/\/ps-romanel.ch\/index.php\/agenda-et-contact\/\"]}]},{\"@type\":\"BreadcrumbList\",\"@id\":\"https:\/\/ps-romanel.ch\/index.php\/agenda-et-contact\/#breadcrumb\",\"itemListElement\":[{\"@type\":\"ListItem\",\"position\":1,\"name\":\"Accueil\",\"item\":\"https:\/\/ps-romanel.ch\/\"},{\"@type\":\"ListItem\",\"position\":2,\"name\":\"Agenda et contact\"}]}]}<\/script>\n<!-- \/ Yoast SEO plugin. -->","yoast_head_json":{"title":"Agenda et contact - Parti Socialiste de Romanel-sur-Lausanne et Cheseaux-sur-Lausanne","robots":{"index":"index","follow":"follow","max-snippet":"max-snippet:-1","max-image-preview":"max-image-preview:large","max-video-preview":"max-video-preview:-1"},"canonical":"https:\/\/ps-romanel.ch\/index.php\/agenda-et-contact\/","og_locale":"fr_FR","og_type":"article","og_title":"Agenda et contact - Parti Socialiste de Romanel-sur-Lausanne et Cheseaux-sur-Lausanne","og_description":"Agenda : Les s\u00e9ances de pr\u00e9paration du conseil communal se d\u00e9roulent \u00e0 la Villageoise, chemin du Village 14, dans la salle du bas \u00e0 droite en entrant. Vous \u00eates tous les bienvenus! Les conseils communaux prennent place \u00e0 l&rsquo;\u00e9tage, \u00e0 la m\u00eame adresse. Le public est bienvenu. Par d\u00e9faut, toutes les r\u00e9unions et conseils ont En savoir plus surAgenda et contact[&hellip;]","og_url":"https:\/\/ps-romanel.ch\/index.php\/agenda-et-contact\/","og_site_name":"Parti Socialiste de Romanel-sur-Lausanne et Cheseaux-sur-Lausanne","article_modified_time":"2026-04-24T09:45:05+00:00","twitter_card":"summary_large_image","twitter_misc":{"Dur\u00e9e de lecture estim\u00e9e":"2 minutes"},"schema":{"@context":"https:\/\/schema.org","@graph":[{"@type":"WebSite","@id":"https:\/\/ps-romanel.ch\/#website","url":"https:\/\/ps-romanel.ch\/","name":"Parti Socialiste de Romanel-sur-Lausanne et Cheseaux-sur-Lausanne","description":"SOLIDAIRE, PROGRESSISTE ET DURABLE","potentialAction":[{"@type":"SearchAction","target":{"@type":"EntryPoint","urlTemplate":"https:\/\/ps-romanel.ch\/?s={search_term_string}"},"query-input":"required name=search_term_string"}],"inLanguage":"fr-FR"},{"@type":"WebPage","@id":"https:\/\/ps-romanel.ch\/index.php\/agenda-et-contact\/#webpage","url":"https:\/\/ps-romanel.ch\/index.php\/agenda-et-contact\/","name":"Agenda et contact - Parti Socialiste de Romanel-sur-Lausanne et Cheseaux-sur-Lausanne","isPartOf":{"@id":"https:\/\/ps-romanel.ch\/#website"},"datePublished":"2016-01-25T09:34:30+00:00","dateModified":"2026-04-24T09:45:05+00:00","breadcrumb":{"@id":"https:\/\/ps-romanel.ch\/index.php\/agenda-et-contact\/#breadcrumb"},"inLanguage":"fr-FR","potentialAction":[{"@type":"ReadAction","target":["https:\/\/ps-romanel.ch\/index.php\/agenda-et-contact\/"]}]},{"@type":"BreadcrumbList","@id":"https:\/\/ps-romanel.ch\/index.php\/agenda-et-contact\/#breadcrumb","itemListElement":[{"@type":"ListItem","position":1,"name":"Accueil","item":"https:\/\/ps-romanel.ch\/"},{"@type":"ListItem","position":2,"name":"Agenda et contact"}]}]}},"_links":{"self":[{"href":"https:\/\/ps-romanel.ch\/index.php\/wp-json\/wp\/v2\/pages\/39","targetHints":{"allow":["GET"]}}],"collection":[{"href":"https:\/\/ps-romanel.ch\/index.php\/wp-json\/wp\/v2\/pages"}],"about":[{"href":"https:\/\/ps-romanel.ch\/index.php\/wp-json\/wp\/v2\/types\/page"}],"author":[{"embeddable":true,"href":"https:\/\/ps-romanel.ch\/index.php\/wp-json\/wp\/v2\/users\/3"}],"replies":[{"embeddable":true,"href":"https:\/\/ps-romanel.ch\/index.php\/wp-json\/wp\/v2\/comments?post=39"}],"version-history":[{"count":73,"href":"https:\/\/ps-romanel.ch\/index.php\/wp-json\/wp\/v2\/pages\/39\/revisions"}],"predecessor-version":[{"id":1091,"href":"https:\/\/ps-romanel.ch\/index.php\/wp-json\/wp\/v2\/pages\/39\/revisions\/1091"}],"wp:attachment":[{"href":"https:\/\/ps-romanel.ch\/index.php\/wp-json\/wp\/v2\/media?parent=39"}],"curies":[{"name":"wp","href":"https:\/\/api.w.org\/{rel}","templated":true}]}}

<h1>Agenda :</h1>
<p>Les séances de préparation du conseil communal se déroulent à <a href="https://goo.gl/maps/ZaNEE8gZj3fV3ZLG8" target="_blank" rel="noopener">la Villageoise, chemin du Village 14</a>, dans la salle du bas à droite en entrant. Vous êtes tous les bienvenus!</p>
<p>Les conseils communaux prennent place à l&rsquo;étage, à la même adresse. Le public est bienvenu.</p>
<p>Par défaut, toutes les réunions et conseils ont lieu à 20h, les jeudis.</p>
<h3>Événements à venir en 2026:</h3>
<hr />
<ul>
<li>jeudi 30 avril : réunion PS + Vert.es et préparation conseil</li>
<li>jeudi 7 mai : Conseil communal<br />
<hr />
</li>
<li><span style="color: #ff0000;">mardi</span> 19 mai: réunion PS + Vert.es et préparation conseil</li>
<li>jeudi 7 21 mai: Conseil communal<br />
<hr />
</li>
<li>jeudi 11 juin : cérémonie d&rsquo;assermentation pour les élus</li>
<li><span style="color: #ff0000;">mardi </span>16 juin:</li>
<li>réunion PS + Vert.es et préparation conseil</li>
<li>jeudi 18 juin: Conseil communal<br />
<hr />
</li>
</ul>
<h3>Événements passés:</h3>
<ul>
<li>jeudi 12 février 19h : soirée de présentation des candidats à la Municipalité et des candidats au conseil à la grande salle de Prazqueron</li>
</ul>
<ul>
<li>mercredi 11 juin 2025 : séance d&rsquo;information politique avec tous les groupes politiques, Romanel Plage<br />
<hr />
</li>
</ul>
<ul>
<li>lundi 2 septembre 2024, 19h30 : <a href="https://ps-romanel.ch/index.php/2024/08/14/echanges-avec-jessica-jaccoud-conseillere-nationale-a-la-salle-du-conseil-a-romanel-sur-lausanne/">Réforme LPP: Payer plus pour toucher moins de rentre? Échanges avec Jessica Jaccoud, Conseillère Nationale </a><br />
<hr />
</li>
<li>samedi 24 août 2024, 18h-23h30 : <a href="https://ps-romanel.ch/index.php/2024/08/14/samedi-24-aout-concert-et-pizza-avec-les-vert-e-s-du-nord-lausannois/">Animation Romanel-Plage, dans le parc de Prazqueron,</a> en collaboration avec les <a href="https://vert-e-s-vd.ch/nord-lausannois/">Vert.e.s du Nord Lausannois</a><br />
<hr />
</li>
<li>jeudi 16 mai 2024 : AG, 20h, salle du Conseil, Villageoise.<br />
<hr />
</li>
<li>samedi 18 mai 2024, 15h à 17h : Animation<strong> Chasse à numéros </strong>dans la forêt de Romanel<br />
<hr />
</li>
<li>jeudi 4 juillet 2024, 18h-22h : <a href="https://ps-romanel.ch/index.php/2024/06/26/apero-grillades-animation-musicale-a-romanel-plage/">Animation Romanel-Plage, dans le parc de Prazqueron</a></li>
</ul>
<div>
<h2></h2>
<h2>Contact</h2>
</div>
<div>Simon Schulé</div>
<div>Route d&rsquo;Echallens 3<br />
1032 <span id="resultGrid" class="aw-system-control aw-grid-control aw-selectors-hidden " tabindex="-1"><span id="resultGrid-box" class="aw-grid-box "><span id="resultGrid-scroll" class="aw-scroll-bars aw-scrollbars-none "><span id="resultGrid-scroll-content" class="aw-bars-content "><span id="resultGrid-view" class="aw-hpanel-template "><span id="resultGrid-view-box" class="aw-hpanel-box "><span id="resultGrid-view-box-middle" class="aw-hpanel-middle "><span id="resultGrid-rows" class="aw-templates-list aw-grid-view "><span id="resultGrid-row-0" class="aw-templates-list aw-text-normal aw-grid-row aw-row-0 aw-rows-selected aw-alternate-even "><span id="resultGrid-cell-5-0" class="aw-item-template aw-templates-cell aw-grid-cell aw-column-5 aw-cells-normal " title="">Romanel-sur-Lausanne</span></span></span></span></span></span></span></span></span></span><br />
<a href="mailto:info@ps-romanel.ch">info@ps-romanel.ch</a></div>
<div>078 648 16 03</div>
<p><strong> </strong></p>

<p>Agenda : Les séances de préparation du conseil communal se déroulent à la Villageoise, chemin du Village 14, dans la salle du bas à droite en entrant. Vous êtes tous les bienvenus! Les conseils communaux prennent place à l&rsquo;étage, à la même adresse. Le public est bienvenu. Par défaut, toutes les réunions et conseils ont <a href="https://ps-romanel.ch/index.php/agenda-et-contact/" rel="nofollow"><span class="sr-only">En savoir plus surAgenda et contact</span>[&hellip;]</a></p>

<!-- This site is optimized with the Yoast SEO plugin v18.7 - https://yoast.com/wordpress/plugins/seo/ -->
<title>Agenda et contact - Parti Socialiste de Romanel-sur-Lausanne et Cheseaux-sur-Lausanne</title>
<meta name="robots" content="index, follow, max-snippet:-1, max-image-preview:large, max-video-preview:-1" />
<link rel="canonical" href="https://ps-romanel.ch/index.php/agenda-et-contact/" />
<meta property="og:locale" content="fr_FR" />
<meta property="og:type" content="article" />
<meta property="og:title" content="Agenda et contact - Parti Socialiste de Romanel-sur-Lausanne et Cheseaux-sur-Lausanne" />
<meta property="og:description" content="Agenda : Les séances de préparation du conseil communal se déroulent à la Villageoise, chemin du Village 14, dans la salle du bas à droite en entrant. Vous êtes tous les bienvenus! Les conseils communaux prennent place à l&rsquo;étage, à la même adresse. Le public est bienvenu. Par défaut, toutes les réunions et conseils ont En savoir plus surAgenda et contact[&hellip;]" />
<meta property="og:url" content="https://ps-romanel.ch/index.php/agenda-et-contact/" />
<meta property="og:site_name" content="Parti Socialiste de Romanel-sur-Lausanne et Cheseaux-sur-Lausanne" />
<meta property="article:modified_time" content="2026-04-24T09:45:05+00:00" />
<meta name="twitter:card" content="summary_large_image" />
<meta name="twitter:label1" content="Durée de lecture estimée" />
	<meta name="twitter:data1" content="2 minutes" />
<script type="application/ld+json" class="yoast-schema-graph">{"@context":"https://schema.org","@graph":[{"@type":"WebSite","@id":"https://ps-romanel.ch/#website","url":"https://ps-romanel.ch/","name":"Parti Socialiste de Romanel-sur-Lausanne et Cheseaux-sur-Lausanne","description":"SOLIDAIRE, PROGRESSISTE ET DURABLE","potentialAction":[{"@type":"SearchAction","target":{"@type":"EntryPoint","urlTemplate":"https://ps-romanel.ch/?s={search_term_string}"},"query-input":"required name=search_term_string"}],"inLanguage":"fr-FR"},{"@type":"WebPage","@id":"https://ps-romanel.ch/index.php/agenda-et-contact/#webpage","url":"https://ps-romanel.ch/index.php/agenda-et-contact/","name":"Agenda et contact - Parti Socialiste de Romanel-sur-Lausanne et Cheseaux-sur-Lausanne","isPartOf":{"@id":"https://ps-romanel.ch/#website"},"datePublished":"2016-01-25T09:34:30+00:00","dateModified":"2026-04-24T09:45:05+00:00","breadcrumb":{"@id":"https://ps-romanel.ch/index.php/agenda-et-contact/#breadcrumb"},"inLanguage":"fr-FR","potentialAction":[{"@type":"ReadAction","target":["https://ps-romanel.ch/index.php/agenda-et-contact/"]}]},{"@type":"BreadcrumbList","@id":"https://ps-romanel.ch/index.php/agenda-et-contact/#breadcrumb","itemListElement":[{"@type":"ListItem","position":1,"name":"Accueil","item":"https://ps-romanel.ch/"},{"@type":"ListItem","position":2,"name":"Agenda et contact"}]}]}</script>
<!-- / Yoast SEO plugin. -->

Agenda : Les séances de préparation du conseil communal se déroulent à la Villageoise, chemin du Village 14, dans la salle du bas à droite en entrant. Vous êtes tous les bienvenus! Les conseils communaux prennent place à l&rsquo;étage, à la même adresse. Le public est bienvenu. Par défaut, toutes les réunions et conseils ont En savoir plus surAgenda et contact[&hellip;]
